 3) in base 16?
b5d4
What is -31555532 (base 6) in base 15?
-13671e
21721 (base 12) to base 16
acc9
What is 235066624 (base 7) in base 12?
4a84144
What is 166615535 (base 7) in base 4?
223323303332
What is 5325450 (base 7) in base 6?
21500010
Convert 149454 (base 11) to base 8.
705311
What is cd6a3 (base 16) in base 15?
11946e
What is -1252724 (base 8) in base 2?
-1010101010111010100
Convert 22233313011 (base 4) to base 3.
12022010212000
Convert -5643107 (base 9) to base 10.
-3040018
1203230320 (base 4) to base 6
12430344
Convert -189ca9 (base 14) to base 16.
-d4f9d
Convert db33 (base 16) to base 2.
1101101100110011
Convert -644154 (base 7) to base 12.
-54916
-28a639 (base 14) to base 5
-330133033
What is 1200413 (base 5) in base 2?
101010111011111
What is 24004303 (base 5) in base 14?
59d04
What is 1104112242 (base 5) in base 13?
665135
310200202 (base 4) to base 13
76b82
Convert 13c95c7 (base 13) to base 14.
ba1641
Convert -ebdda (base 15) to base 4.
-2312313031
Convert 3053241 (base 7) to base 3.
200121012120
What is -532c5 (base 14) in base 8?
-610255
Convert 3610 (base 11) to base 4.
1021322
c04bd (base 14) to base 9
773600
-134951 (base 11) to base 13
-7531b
What is 20010221122 (base 3) in base 9?
203848
What is 18ad22 (base 16) in base 8?
6126442
Convert 12fea9 (base 16) to base 7.
13403163
6a0239 (base 11) to base 14
20d880
Convert -80829 (base 14) to base 4.
-1023123011
-cda02 (base 14) to base 6
-14404242
What is 627262 (base 12) in base 15?
208532
-1027c (base 13) to base 8
-70512
4404111 (base 7) to base 16
83a75
11335232 (base 7) to base 11
623894
12034023 (base 5) to base 2
11011010010010011
Convert -513a6b (base 16) to base 13.
-1145031
What is -5224030 (base 7) in base 3?
-1011220112021
What is -1100203212 (base 5) in base 14?
-452800
What is 911171 (base 10) in base 3?
1201021220002
1101010101101011011 (base 2) to base 6
13211311
Convert 14cb3 (base 15) to base 9.
111806
-4792b (base 13) to base 7
-1054311
What is -4759676 (base 11) in base 14?
-11608c2
Convert 102280 (base 12) to base 5.
31041142
What is -14147d (base 15) in base 12?
-3a7224
-361005 (base 7) to base 10
-65175
430404214 (base 5) to base 8
6717016
63a513 (base 11) to base 4
3322002132
What is 273636 (base 8) in base 15?
1d758
What is 105018 (base 9) in base 13?
2270c
Convert 6aa7340 (base 11) to base 15.
114cd5a
What is -9a8305 (base 12) in base 8?
-11306665
What is 113000010 (base 4) in base 10?
94212
What is -750345 (base 8) in base 12?
-100885
-3b210 (base 14) to base 15
-2d328
What is -1200101001000 (base 3) in base 11?
-55aa66
247c9 (base 13) to base 14
1a722
Convert 12a24 (base 11) to base 4.
10201223
1002110201122 (base 3) to base 14
111589
-482476 (base 10) to base 15
-97e51
-155241 (base 6) to base 13
-7042
Convert 4361875 (base 9) to base 4.
20330030222
58789 (base 16) to base 2
1011000011110001001
11000100111111001000 (base 2) to base 6
25143240
Convert 36a396 (base 12) to base 11.
5577a4
What is 2c2a14 (base 13) in base 11?
685aaa
-a3163 (base 14) to base 13
-10996a
-10010110101100111 (base 2) to base 3
-10220211202
Convert -134541 (base 6) to base 7.
-52060
Convert -3287986 (base 10) to base 4.
-30202232302
-22032332300 (base 4) to base 3
-12001022002222
What is 8f72f (base 16) in base 7?
4665011
What is -73188 (base 9) in base 14?
-13843
-1318eb (base 16) to base 8
-4614353
What is 1c38a16 (base 14) in base 8?
65677154
What is -22a871 (base 13) in base 14?
-175d86
What is 3442132030 (base 5) in base 10?
7770890
What is 110001212000 (base 3) in base 7?
2006361
34104 (base 9) to base 7
123064
141515510 (base 6) to base 11
16a2432
What is -1271a1 (base 11) in base 13?
-6cc97
What is -1312262 (base 11) in base 8?
-10526107
Convert 101000000101101000101 (base 2) to base 10.
1313605
27280 (base 14) to base 4
113210200
-1317115 (base 10) to base 13
-371677
What is -30d583 (base 14) in base 4?
-12102320333
Convert 126533343 (base 7) to base 3.
120110010022110
Convert 1703693 (base 11) to base 10.
2903739
What is 3160d (base 14) in base 13?
4232a
What is 15e714 (base 15) in base 4?
10003013200
What is 64aa9 (base 11) in base 16?
17123
40104115 (base 7) to base 13
8bc90c
-b37310 (base 15) to base 6
-502451323
Convert -1008379 (base 12) to base 2.
-1011011100100000001101
-101100111011101010 (base 2) to base 6
-3540014
What is 2010102012120 (base 3) in base 2?
100010011111001110100
Convert 200111220212 (base 3) to base 6.
11451122
2101210000002 (base 3) to base 13
358469
What is -12243625 (base 7) in base 10?
-1103401
What is -76482d (base 14) in base 4?
-33102132221
Convert 11001000100010111001 (base 2) to base 6.
25334533
What is 41884 (base 12) in base 11?
59613
What is -bd22 (base 15) in base 6?
-505322
Convert -2a0cc (base 14) to base 4.
-121200010
Convert -1000330100 (base 4) to base 12.
-109b28
Convert 784448 (base 13) to base 9.
5303642
Convert -325c1 (base 15) to base 6.
-3232231
What is -ba800 (base 16) in base 15?
-10151e
What is 7331640 (base 8) in base 4?
13123032200
-6998b (base 16) to base 13
-121b40
Convert 3187964 (base 10) to base 3.
12222222001202
Convert -567422 (base 9) to base 16.
-5305a
Convert 1132145 (base 9) to base 5.
124034003
3012300223 (base 4) to base 12
333177
What is -4612047 (base 9) in base 10?
-2488120
What is -132100002 (base 4) in base 5?
-12431111
Convert 251542 (base 6) to base 12.
10bb2
Convert 12790c (base 13) to base 12.
195867
10001100111110011110010 (base 2) to base 3
22200200202211
What is -13758a9 (base 13) in base 2?
-10111011110001110000011
Convert -1b879 (base 15) to base 3.
-11112222220
-503105 (base 8) to base 7
-1256230
-1331111213 (base 4) to base 10
-513383
Convert 1779640 (base 10) to base 13.
4a4055
What is -21b37 (base 15) in base 5?
-11412102
What is 655996 (base 11) in base 8?
3775500
Convert -224ac1 (base 15) to base 2.
-110001111011001011011
Convert 3512561 (base 10) to base 3.
20121110022212
What is 135253122 (base 6) in base 15?
39c53e
What is -12316583 (base 9) in base 13?
-1333878
Convert 3002100122 (base 4) to base 12.
324562
What is 304209 (base 10) in base 16?
4a451
Convert -56916 (base 10) to base 2.
-1101111001010100
What is -2416251 (base 7) in base 5?
-34311434
-13b369 (base 12) to base 10
-330561
What is 121557 (base 8) in base 10?
41839
-134326040 (base 7) to base 14
-12418c7
-688260 (base 10) to base 15
-d8de0
-1202210100202 (base 3) to base 6
-32054545
What is -23220221 (base 4) in base 12?
-236b5
Convert -2614436 (base 12) to base 9.
-15080686
What is -201020 (base 5) in base 3?
-22202111
-303915 (base 11) to base 6
-14244231
172b3 (base 13) to base 9
66840
Convert -2010245 (base 7) to base 14.
-6295c
-1166766 (base 8) to base 7
-2513605
Convert 2310201 (base 4) to base 6.
125253
What is -677949 (base 11) in base 3?
-2000211110022
2230003 (base 6) to base 12
55303
Convert -15871 (base 14) to base 4.
-31020223
-20350313 (base 6) to base 14
-114d25
77776 (base 8) to base 11
22688
What is 62411622 (base 7) in base 4?
110000331312
11010001011000010 (base 2) to base 11
735a7
What is -283c8 (base 13) in base 2?
-10010011001101001
-165006 (base 7) to base 12
-17086
What is -1042232 (base 6) in base 2?
-1100110010001100
-30311121023 (base 4) to base 6
-200040015
Convert -125008 (base 9) to base 7.
-434030
What is 111370 (base 10) in base 11?
76746
4173723 (base 9) to base 8
10412253
What is -11111000011001000 (base 2) in base 9?
-213406
Convert -144350 (base 16) to base 9.
-2443542
Convert -13010322 (base 5) to base 16.
-1eb10
6221484 (base 9) to base 2
1100101010110010100011
-ba16 (base 13) to base 5
-1312001
401450 (base 7) to base 10
67802
8473c (base 16) to base 2
10000100011100111100
Convert 641223 (base 7) to base 11.
76362
-116429 (base 13) to base 16
-65033
Convert 1482407 (base 13) to base 16.
63e08a
4a5b01 (base 12) to base 15
18e5ad
What is -46a2b (base 12) in base 14?
-26787
-7aba5 (base 13) to base 15
-46511
1000021102011 (base 3) to base 14
dd901
What is -8a1d (base 15) in base 14?
-a954
What is 5375627 (base 9) in base 12?
b71297
5483a (base 11) to base 15
1887a
What is 22100341 (base 5) in base 15?
3b79b
What is -313121 (base 8) in base 15?
-20c47
22291 (base 13) to base 8
171024
What is 2115254 (base 6) in base 15?
20a4a
What is -70a8243 (base 11) in base 3?
-212122000